{"id":756,"date":"2017-10-09T08:46:51","date_gmt":"2017-10-09T11:46:51","guid":{"rendered":"http:\/\/bridge92.qodeinteractive.com\/?page_id=756"},"modified":"2025-07-01T21:06:41","modified_gmt":"2025-07-02T00:06:41","slug":"todos-os-posts","status":"publish","type":"page","link":"https:\/\/www.granpal.com.br\/site\/todos-os-posts\/","title":{"rendered":"todos os posts"},"content":{"rendered":"\t\t<div data-elementor-type=\"wp-page\" data-elementor-id=\"756\" class=\"elementor elementor-756\" data-elementor-post-type=\"page\">\n\t\t\t\t<div class=\"elementor-element elementor-element-11ebff42 e-flex e-con-boxed wpr-particle-no wpr-jarallax-no wpr-parallax-no wpr-sticky-section-no e-con e-parent\" data-id=\"11ebff42\" data-element_type=\"container\">\n\t\t\t\t\t<div class=\"e-con-inner\">\n\t\t\t\t<div class=\"elementor-element elementor-element-543178b elementor-widget elementor-widget-spacer\" data-id=\"543178b\" data-element_type=\"widget\" data-widget_type=\"spacer.default\">\n\t\t\t\t<div class=\"elementor-widget-container\">\n\t\t\t\t\t\t\t<div class=\"elementor-spacer\">\n\t\t\t<div class=\"elementor-spacer-inner\"><\/div>\n\t\t<\/div>\n\t\t\t\t\t\t<\/div>\n\t\t\t\t<\/div>\n\t\t\t\t<div class=\"elementor-element elementor-element-0aa5768 elementor-widget elementor-widget-heading\" data-id=\"0aa5768\" data-element_type=\"widget\" data-widget_type=\"heading.default\">\n\t\t\t\t<div class=\"elementor-widget-container\">\n\t\t\t\t\t<h2 class=\"elementor-heading-title elementor-size-default\">Confira todos os nossos posts<\/h2>\t\t\t\t<\/div>\n\t\t\t\t<\/div>\n\t\t\t\t<div class=\"elementor-element elementor-element-b08e8c4 e-transform elementor-view-default elementor-widget elementor-widget-icon\" data-id=\"b08e8c4\" data-element_type=\"widget\" data-settings=\"{&quot;_animation_mobile&quot;:&quot;fadeIn&quot;,&quot;_transform_rotateZ_effect&quot;:{&quot;unit&quot;:&quot;px&quot;,&quot;size&quot;:90,&quot;sizes&quot;:[]},&quot;_transform_rotateZ_effect_mobile&quot;:{&quot;unit&quot;:&quot;deg&quot;,&quot;size&quot;:90,&quot;sizes&quot;:[]},&quot;_transform_rotateZ_effect_laptop&quot;:{&quot;unit&quot;:&quot;deg&quot;,&quot;size&quot;:&quot;&quot;,&quot;sizes&quot;:[]},&quot;_transform_rotateZ_effect_tablet&quot;:{&quot;unit&quot;:&quot;deg&quot;,&quot;size&quot;:&quot;&quot;,&quot;sizes&quot;:[]}}\" data-widget_type=\"icon.default\">\n\t\t\t\t<div class=\"elementor-widget-container\">\n\t\t\t\t\t\t\t<div class=\"elementor-icon-wrapper\">\n\t\t\t<div class=\"elementor-icon\">\n\t\t\t<svg xmlns=\"http:\/\/www.w3.org\/2000\/svg\" width=\"79\" height=\"47\" viewBox=\"0 0 79 47\" fill=\"none\"><path d=\"M57.5333 20.5167L51.0833 14.0001C50.9284 13.8439 50.7441 13.7199 50.541 13.6353C50.3379 13.5506 50.12 13.5071 49.9 13.5071C49.68 13.5071 49.4621 13.5506 49.259 13.6353C49.0559 13.7199 48.8716 13.8439 48.7167 14.0001C48.4062 14.3123 48.232 14.7348 48.232 15.1751C48.232 15.6154 48.4062 16.0378 48.7167 16.3501L54.65 22.3334H20.6667C20.2246 22.3334 19.8007 22.509 19.4882 22.8216C19.1756 23.1341 19 23.5581 19 24.0001C19 24.4421 19.1756 24.866 19.4882 25.1786C19.8007 25.4911 20.2246 25.6667 20.6667 25.6667H54.75L48.7167 31.6834C48.5605 31.8384 48.4365 32.0227 48.3518 32.2258C48.2672 32.4289 48.2237 32.6467 48.2237 32.8667C48.2237 33.0868 48.2672 33.3046 48.3518 33.5077C48.4365 33.7108 48.5605 33.8951 48.7167 34.0501C48.8716 34.2063 49.0559 34.3303 49.259 34.4149C49.4621 34.4995 49.68 34.5431 49.9 34.5431C50.12 34.5431 50.3379 34.4995 50.541 34.4149C50.7441 34.3303 50.9284 34.2063 51.0833 34.0501L57.5333 27.5834C58.4697 26.6459 58.9956 25.3751 58.9956 24.0501C58.9956 22.7251 58.4697 21.4542 57.5333 20.5167Z\" fill=\"#5BCE8F\"><\/path><rect x=\"1\" y=\"1\" width=\"77\" height=\"45\" rx=\"15\" stroke=\"#5BCE8F\" stroke-width=\"2\"><\/rect><\/svg>\t\t\t<\/div>\n\t\t<\/div>\n\t\t\t\t\t\t<\/div>\n\t\t\t\t<\/div>\n\t\t\t\t<div class=\"elementor-element elementor-element-03470b9 elementor-widget elementor-widget-spacer\" data-id=\"03470b9\" data-element_type=\"widget\" data-widget_type=\"spacer.default\">\n\t\t\t\t<div class=\"elementor-widget-container\">\n\t\t\t\t\t\t\t<div class=\"elementor-spacer\">\n\t\t\t<div class=\"elementor-spacer-inner\"><\/div>\n\t\t<\/div>\n\t\t\t\t\t\t<\/div>\n\t\t\t\t<\/div>\n\t\t\t\t\t<\/div>\n\t\t\t\t<\/div>\n\t\t<div class=\"elementor-element elementor-element-e813ed7 e-flex e-con-boxed wpr-particle-no wpr-jarallax-no wpr-parallax-no wpr-sticky-section-no e-con e-parent\" data-id=\"e813ed7\" data-element_type=\"container\" data-settings=\"{&quot;background_background&quot;:&quot;classic&quot;}\">\n\t\t\t\t\t<div class=\"e-con-inner\">\n\t\t<div class=\"elementor-element elementor-element-087ed53 e-con-full e-flex wpr-particle-no wpr-jarallax-no wpr-parallax-no wpr-sticky-section-no e-con e-child\" data-id=\"087ed53\" data-element_type=\"container\" data-settings=\"{&quot;background_background&quot;:&quot;classic&quot;}\">\n\t\t\t\t<div class=\"elementor-element elementor-element-bf9618f upk-primary-meta-end-position--yes elementor-widget elementor-widget-upk-alter-grid\" data-id=\"bf9618f\" data-element_type=\"widget\" data-settings=\"{&quot;upk_link_new_tab&quot;:&quot;yes&quot;}\" data-widget_type=\"upk-alter-grid.default\">\n\t\t\t\t<div class=\"elementor-widget-container\">\n\t\t\t\t\t\n\t\t<div class=\"upk-alter-grid\">\n\t\t\t<div class=\"upk-post-grid upk-style-1\">\n\n\t\t\t\t\n\t\t\t\t\t\t\t<div class=\"upk-item\">\n\t\t\t<div class=\"upk-item-box\">\n\t\t\t\t<div class=\"upk-img-wrap\">\n\t\t\t\t\t<div class=\"upk-main-img\">\n\t\t\t\t\t\t<img fetchpriority=\"high\" decoding=\"async\" width=\"300\" height=\"225\" src=\"https:\/\/www.granpal.com.br\/site\/wp-content\/uploads\/2026\/04\/70713faa-31c4-4d69-865b-4c9e09999026-300x225.jpg\" class=\"upk-img\" alt=\"Assembleia Geral Ordin\u00e1ria da Granpal tem planejamento com pautas definidas para 2026.\" srcset=\"https:\/\/www.granpal.com.br\/site\/wp-content\/uploads\/2026\/04\/70713faa-31c4-4d69-865b-4c9e09999026-300x225.jpg 300w, https:\/\/www.granpal.com.br\/site\/wp-content\/uploads\/2026\/04\/70713faa-31c4-4d69-865b-4c9e09999026-1024x768.jpg 1024w, https:\/\/www.granpal.com.br\/site\/wp-content\/uploads\/2026\/04\/70713faa-31c4-4d69-865b-4c9e09999026-768x576.jpg 768w, https:\/\/www.granpal.com.br\/site\/wp-content\/uploads\/2026\/04\/70713faa-31c4-4d69-865b-4c9e09999026-1536x1152.jpg 1536w, https:\/\/www.granpal.com.br\/site\/wp-content\/uploads\/2026\/04\/70713faa-31c4-4d69-865b-4c9e09999026.jpg 1600w\" sizes=\"(max-width: 300px) 100vw, 300px\" \/>\t\t\t\t\t\t\t\t\t\t\t\t\t\t\t\t\t<\/div>\n\t\t\t\t<\/div>\n\n\t\t\t\t<div class=\"upk-content\">\n\t\t\t\t\t<div>\n\n\t\t\t\t\t\t\t\t<div class=\"upk-category\">\n\t\t\t<a href=\"https:\/\/www.granpal.com.br\/site\/category\/ago-prefeitos\/\">AGO Prefeitos<\/a>\t\t<\/div>\n\t\n\t\t\t\t\t\t<h3 class=\"upk-title\"><a href=\"https:\/\/www.granpal.com.br\/site\/ago-prefeitos\/assembleia-geral-ordinaria-da-granpal-tem-planejamento-com-pautas-definidas-para-2026\/\" title=\"Assembleia Geral Ordin\u00e1ria da Granpal tem planejamento com pautas definidas para 2026.\" class=\"title-animation-underline\" >Assembleia Geral Ordin\u00e1ria da Granpal tem planejamento com pautas definidas para 2026.<\/a><\/h3>\t\t\t\t\t\t<div class=\"upk-text-wrap\">\n\t\t\t\t\t\t\t\t\t<div class=\"upk-text\">\n\t\t\t<p>O potencial efeito do El Ni\u00f1o foi uma das pautas priorit\u00e1rias da Assembleia Geral Ordin\u00e1ria (AGO) da Associa\u00e7\u00e3o dos Munic\u00edpios<\/p>\n\t\t<\/div>\n\t\t\t\t\t\t\t\t\t\t\t\t\t\t\t<\/div>\n\n\t\t\t\t\t\t\t\t\t\t\t\t\t<div class=\"upk-meta\">\n\t\t\t\t\t\t\t\t\n\t\t\t\t\t\t\t\t\t\t\t\t\t\t\t\t\t<div data-separator=\"|\">\n\t\t\t\t\t\t\t\t\t\t\t\t<div class=\"upk-date\">\n\t\t\t28 de abril de 2026\t\t<\/div>\n\n\t\t\t\t\t\t\t\t\t\t\t\t<\/div>\n\t\t\t\t\t\t\t\t\n\t\t\t\t\t\t\t\t\t\t\t\t\t\t\t<\/div>\n\t\t\t\t\t\t\n\t\t\t\t\t<\/div>\n\t\t\t\t<\/div>\n\n\t\t\t<\/div>\n\t\t<\/div>\n\t\n\t\t\t\t\n\t\t\t\t\t\t\t<div class=\"upk-item\">\n\t\t\t<div class=\"upk-item-box\">\n\t\t\t\t<div class=\"upk-img-wrap\">\n\t\t\t\t\t<div class=\"upk-main-img\">\n\t\t\t\t\t\t<img decoding=\"async\" width=\"300\" height=\"225\" src=\"https:\/\/www.granpal.com.br\/site\/wp-content\/uploads\/2026\/04\/b3945acb-cd72-4d38-94b0-0faf6d66426c-300x225.jpg\" class=\"upk-img\" alt=\"F\u00f3rum de Seguran\u00e7a da Granpal prepara atualiza\u00e7\u00f5es no trabalho conjunto com a Brigada Militar.\" srcset=\"https:\/\/www.granpal.com.br\/site\/wp-content\/uploads\/2026\/04\/b3945acb-cd72-4d38-94b0-0faf6d66426c-300x225.jpg 300w, https:\/\/www.granpal.com.br\/site\/wp-content\/uploads\/2026\/04\/b3945acb-cd72-4d38-94b0-0faf6d66426c-1024x768.jpg 1024w, https:\/\/www.granpal.com.br\/site\/wp-content\/uploads\/2026\/04\/b3945acb-cd72-4d38-94b0-0faf6d66426c-768x576.jpg 768w, https:\/\/www.granpal.com.br\/site\/wp-content\/uploads\/2026\/04\/b3945acb-cd72-4d38-94b0-0faf6d66426c-1536x1152.jpg 1536w, https:\/\/www.granpal.com.br\/site\/wp-content\/uploads\/2026\/04\/b3945acb-cd72-4d38-94b0-0faf6d66426c.jpg 1600w\" sizes=\"(max-width: 300px) 100vw, 300px\" \/>\t\t\t\t\t\t\t\t\t\t\t\t\t\t\t\t\t<\/div>\n\t\t\t\t<\/div>\n\n\t\t\t\t<div class=\"upk-content\">\n\t\t\t\t\t<div>\n\n\t\t\t\t\t\t\t\t<div class=\"upk-category\">\n\t\t\t<a href=\"https:\/\/www.granpal.com.br\/site\/category\/forum-de-seguranca\/\">F\u00f3rum de Seguran\u00e7a<\/a>\t\t<\/div>\n\t\n\t\t\t\t\t\t<h3 class=\"upk-title\"><a href=\"https:\/\/www.granpal.com.br\/site\/forum-de-seguranca\/forum-de-seguranca-da-granpal-prepara-atualizacoes-no-trabalho-conjunto-com-a-brigada-militar\/\" title=\"F\u00f3rum de Seguran\u00e7a da Granpal prepara atualiza\u00e7\u00f5es no trabalho conjunto com a Brigada Militar.\" class=\"title-animation-underline\" >F\u00f3rum de Seguran\u00e7a da Granpal prepara atualiza\u00e7\u00f5es no trabalho conjunto com a Brigada Militar.<\/a><\/h3>\t\t\t\t\t\t<div class=\"upk-text-wrap\">\n\t\t\t\t\t\t\t\t\t<div class=\"upk-text\">\n\t\t\t<p>Na perspectiva de melhorias para a seguran\u00e7a p\u00fablica para os munic\u00edpios da Grande Porto Alegre, integrantes do F\u00f3rum de Seguran\u00e7a<\/p>\n\t\t<\/div>\n\t\t\t\t\t\t\t\t\t\t\t\t\t\t\t<\/div>\n\n\t\t\t\t\t\t\t\t\t\t\t\t\t<div class=\"upk-meta\">\n\t\t\t\t\t\t\t\t\n\t\t\t\t\t\t\t\t\t\t\t\t\t\t\t\t\t<div data-separator=\"|\">\n\t\t\t\t\t\t\t\t\t\t\t\t<div class=\"upk-date\">\n\t\t\t23 de abril de 2026\t\t<\/div>\n\n\t\t\t\t\t\t\t\t\t\t\t\t<\/div>\n\t\t\t\t\t\t\t\t\n\t\t\t\t\t\t\t\t\t\t\t\t\t\t\t<\/div>\n\t\t\t\t\t\t\n\t\t\t\t\t<\/div>\n\t\t\t\t<\/div>\n\n\t\t\t<\/div>\n\t\t<\/div>\n\t\n\t\t\t\t\n\t\t\t\t\t\t\t<div class=\"upk-item\">\n\t\t\t<div class=\"upk-item-box\">\n\t\t\t\t<div class=\"upk-img-wrap\">\n\t\t\t\t\t<div class=\"upk-main-img\">\n\t\t\t\t\t\t<img decoding=\"async\" width=\"300\" height=\"225\" src=\"https:\/\/www.granpal.com.br\/site\/wp-content\/uploads\/2026\/04\/6ef20617-b25e-4af0-8d77-d3d684ace85f-300x225.jpg\" class=\"upk-img\" alt=\"F\u00f3rum da Sa\u00fade da Granpal debate melhorias para o programa Mais M\u00e9dicos.\" srcset=\"https:\/\/www.granpal.com.br\/site\/wp-content\/uploads\/2026\/04\/6ef20617-b25e-4af0-8d77-d3d684ace85f-300x225.jpg 300w, https:\/\/www.granpal.com.br\/site\/wp-content\/uploads\/2026\/04\/6ef20617-b25e-4af0-8d77-d3d684ace85f-1024x768.jpg 1024w, https:\/\/www.granpal.com.br\/site\/wp-content\/uploads\/2026\/04\/6ef20617-b25e-4af0-8d77-d3d684ace85f-768x576.jpg 768w, https:\/\/www.granpal.com.br\/site\/wp-content\/uploads\/2026\/04\/6ef20617-b25e-4af0-8d77-d3d684ace85f-1536x1152.jpg 1536w, https:\/\/www.granpal.com.br\/site\/wp-content\/uploads\/2026\/04\/6ef20617-b25e-4af0-8d77-d3d684ace85f.jpg 1600w\" sizes=\"(max-width: 300px) 100vw, 300px\" \/>\t\t\t\t\t\t\t\t\t\t\t\t\t\t\t\t\t<\/div>\n\t\t\t\t<\/div>\n\n\t\t\t\t<div class=\"upk-content\">\n\t\t\t\t\t<div>\n\n\t\t\t\t\t\t\t\t<div class=\"upk-category\">\n\t\t\t<a href=\"https:\/\/www.granpal.com.br\/site\/category\/forum-da-saude\/\">F\u00f3rum da Sa\u00fade<\/a> <a href=\"https:\/\/www.granpal.com.br\/site\/category\/mais-medicos-2\/\">Mais m\u00e9dicos<\/a>\t\t<\/div>\n\t\n\t\t\t\t\t\t<h3 class=\"upk-title\"><a href=\"https:\/\/www.granpal.com.br\/site\/forum-da-saude\/forum-da-saude-da-granpal-debate-melhorias-para-o-programa-mais-medicos\/\" title=\"F\u00f3rum da Sa\u00fade da Granpal debate melhorias para o programa Mais M\u00e9dicos.\" class=\"title-animation-underline\" >F\u00f3rum da Sa\u00fade da Granpal debate melhorias para o programa Mais M\u00e9dicos.<\/a><\/h3>\t\t\t\t\t\t<div class=\"upk-text-wrap\">\n\t\t\t\t\t\t\t\t\t<div class=\"upk-text\">\n\t\t\t<p>Integrantes do F\u00f3rum da Sa\u00fade do Cons\u00f3rcio Granpal, em conjunto com a superintend\u00eancia do Minist\u00e9rio da Sa\u00fade, debateram, nesta quinta-feira,<\/p>\n\t\t<\/div>\n\t\t\t\t\t\t\t\t\t\t\t\t\t\t\t<\/div>\n\n\t\t\t\t\t\t\t\t\t\t\t\t\t<div class=\"upk-meta\">\n\t\t\t\t\t\t\t\t\n\t\t\t\t\t\t\t\t\t\t\t\t\t\t\t\t\t<div data-separator=\"|\">\n\t\t\t\t\t\t\t\t\t\t\t\t<div class=\"upk-date\">\n\t\t\t16 de abril de 2026\t\t<\/div>\n\n\t\t\t\t\t\t\t\t\t\t\t\t<\/div>\n\t\t\t\t\t\t\t\t\n\t\t\t\t\t\t\t\t\t\t\t\t\t\t\t<\/div>\n\t\t\t\t\t\t\n\t\t\t\t\t<\/div>\n\t\t\t\t<\/div>\n\n\t\t\t<\/div>\n\t\t<\/div>\n\t\n\t\t\t\t\n\t\t\t\t\t\t\t<div class=\"upk-item\">\n\t\t\t<div class=\"upk-item-box\">\n\t\t\t\t<div class=\"upk-img-wrap\">\n\t\t\t\t\t<div class=\"upk-main-img\">\n\t\t\t\t\t\t<img loading=\"lazy\" decoding=\"async\" width=\"300\" height=\"225\" src=\"https:\/\/www.granpal.com.br\/site\/wp-content\/uploads\/2026\/04\/a3733f8a-d825-485f-b2c6-3ed2e2750311-300x225.jpg\" class=\"upk-img\" alt=\"F\u00f3rum do Meio Ambiente da Granpal discute licenciamento ambiental.\" srcset=\"https:\/\/www.granpal.com.br\/site\/wp-content\/uploads\/2026\/04\/a3733f8a-d825-485f-b2c6-3ed2e2750311-300x225.jpg 300w, https:\/\/www.granpal.com.br\/site\/wp-content\/uploads\/2026\/04\/a3733f8a-d825-485f-b2c6-3ed2e2750311-1024x768.jpg 1024w, https:\/\/www.granpal.com.br\/site\/wp-content\/uploads\/2026\/04\/a3733f8a-d825-485f-b2c6-3ed2e2750311-768x576.jpg 768w, https:\/\/www.granpal.com.br\/site\/wp-content\/uploads\/2026\/04\/a3733f8a-d825-485f-b2c6-3ed2e2750311-1536x1152.jpg 1536w, https:\/\/www.granpal.com.br\/site\/wp-content\/uploads\/2026\/04\/a3733f8a-d825-485f-b2c6-3ed2e2750311.jpg 1600w\" sizes=\"(max-width: 300px) 100vw, 300px\" \/>\t\t\t\t\t\t\t\t\t\t\t\t\t\t\t\t\t<\/div>\n\t\t\t\t<\/div>\n\n\t\t\t\t<div class=\"upk-content\">\n\t\t\t\t\t<div>\n\n\t\t\t\t\t\t\t\t<div class=\"upk-category\">\n\t\t\t<a href=\"https:\/\/www.granpal.com.br\/site\/category\/forum-de-meio-ambiente\/\">F\u00f3rum de Meio Ambiente<\/a> <a href=\"https:\/\/www.granpal.com.br\/site\/category\/meio-ambiente\/\">Meio Ambiente<\/a>\t\t<\/div>\n\t\n\t\t\t\t\t\t<h3 class=\"upk-title\"><a href=\"https:\/\/www.granpal.com.br\/site\/meio-ambiente\/forum-do-meio-ambiente-da-granpal-discute-licenciamento-ambiental\/\" title=\"F\u00f3rum do Meio Ambiente da Granpal discute licenciamento ambiental.\" class=\"title-animation-underline\" >F\u00f3rum do Meio Ambiente da Granpal discute licenciamento ambiental.<\/a><\/h3>\t\t\t\t\t\t<div class=\"upk-text-wrap\">\n\t\t\t\t\t\t\t\t\t<div class=\"upk-text\">\n\t\t\t<p>A adequa\u00e7\u00e3o dos munic\u00edpios \u00e0s novas licen\u00e7as federais e estaduais na melhoria da arboriza\u00e7\u00e3o e quest\u00f5es ambientais nas cidades, compartilhando<\/p>\n\t\t<\/div>\n\t\t\t\t\t\t\t\t\t\t\t\t\t\t\t<\/div>\n\n\t\t\t\t\t\t\t\t\t\t\t\t\t<div class=\"upk-meta\">\n\t\t\t\t\t\t\t\t\n\t\t\t\t\t\t\t\t\t\t\t\t\t\t\t\t\t<div data-separator=\"|\">\n\t\t\t\t\t\t\t\t\t\t\t\t<div class=\"upk-date\">\n\t\t\t14 de abril de 2026\t\t<\/div>\n\n\t\t\t\t\t\t\t\t\t\t\t\t<\/div>\n\t\t\t\t\t\t\t\t\n\t\t\t\t\t\t\t\t\t\t\t\t\t\t\t<\/div>\n\t\t\t\t\t\t\n\t\t\t\t\t<\/div>\n\t\t\t\t<\/div>\n\n\t\t\t<\/div>\n\t\t<\/div>\n\t\n\t\t\t\t\n\t\t\t\t\t\t\t<div class=\"upk-item\">\n\t\t\t<div class=\"upk-item-box\">\n\t\t\t\t<div class=\"upk-img-wrap\">\n\t\t\t\t\t<div class=\"upk-main-img\">\n\t\t\t\t\t\t<img loading=\"lazy\" decoding=\"async\" width=\"300\" height=\"225\" src=\"https:\/\/www.granpal.com.br\/site\/wp-content\/uploads\/2026\/03\/4abd2023-cc34-4439-bd84-a7b654077462-300x225.jpg\" class=\"upk-img\" alt=\"Granpal alerta para riscos na presta\u00e7\u00e3o de servi\u00e7os p\u00fablicos nos munic\u00edpios da regi\u00e3o.\" srcset=\"https:\/\/www.granpal.com.br\/site\/wp-content\/uploads\/2026\/03\/4abd2023-cc34-4439-bd84-a7b654077462-300x225.jpg 300w, https:\/\/www.granpal.com.br\/site\/wp-content\/uploads\/2026\/03\/4abd2023-cc34-4439-bd84-a7b654077462-1024x768.jpg 1024w, https:\/\/www.granpal.com.br\/site\/wp-content\/uploads\/2026\/03\/4abd2023-cc34-4439-bd84-a7b654077462-768x576.jpg 768w, https:\/\/www.granpal.com.br\/site\/wp-content\/uploads\/2026\/03\/4abd2023-cc34-4439-bd84-a7b654077462-1536x1152.jpg 1536w, https:\/\/www.granpal.com.br\/site\/wp-content\/uploads\/2026\/03\/4abd2023-cc34-4439-bd84-a7b654077462.jpg 1600w\" sizes=\"(max-width: 300px) 100vw, 300px\" \/>\t\t\t\t\t\t\t\t\t\t\t\t\t\t\t\t\t<\/div>\n\t\t\t\t<\/div>\n\n\t\t\t\t<div class=\"upk-content\">\n\t\t\t\t\t<div>\n\n\t\t\t\t\t\t\t\t<div class=\"upk-category\">\n\t\t\t<a href=\"https:\/\/www.granpal.com.br\/site\/category\/ago-prefeitos\/\">AGO Prefeitos<\/a>\t\t<\/div>\n\t\n\t\t\t\t\t\t<h3 class=\"upk-title\"><a href=\"https:\/\/www.granpal.com.br\/site\/ago-prefeitos\/granpal-alerta-para-riscos-na-prestacao-de-servicos-publicos-nos-municipios-da-regiao\/\" title=\"Granpal alerta para riscos na presta\u00e7\u00e3o de servi\u00e7os p\u00fablicos nos munic\u00edpios da regi\u00e3o.\" class=\"title-animation-underline\" >Granpal alerta para riscos na presta\u00e7\u00e3o de servi\u00e7os p\u00fablicos nos munic\u00edpios da regi\u00e3o.<\/a><\/h3>\t\t\t\t\t\t<div class=\"upk-text-wrap\">\n\t\t\t\t\t\t\t\t\t<div class=\"upk-text\">\n\t\t\t<p>A alta no pre\u00e7o do diesel no cen\u00e1rio mundial, fruto da crise no Oriente M\u00e9dio, tem consequ\u00eancias imprevis\u00edveis nos cofres<\/p>\n\t\t<\/div>\n\t\t\t\t\t\t\t\t\t\t\t\t\t\t\t<\/div>\n\n\t\t\t\t\t\t\t\t\t\t\t\t\t<div class=\"upk-meta\">\n\t\t\t\t\t\t\t\t\n\t\t\t\t\t\t\t\t\t\t\t\t\t\t\t\t\t<div data-separator=\"|\">\n\t\t\t\t\t\t\t\t\t\t\t\t<div class=\"upk-date\">\n\t\t\t26 de mar\u00e7o de 2026\t\t<\/div>\n\n\t\t\t\t\t\t\t\t\t\t\t\t<\/div>\n\t\t\t\t\t\t\t\t\n\t\t\t\t\t\t\t\t\t\t\t\t\t\t\t<\/div>\n\t\t\t\t\t\t\n\t\t\t\t\t<\/div>\n\t\t\t\t<\/div>\n\n\t\t\t<\/div>\n\t\t<\/div>\n\t\n\t\t\t\t\n\t\t\t\t\t\t\t<div class=\"upk-item\">\n\t\t\t<div class=\"upk-item-box\">\n\t\t\t\t<div class=\"upk-img-wrap\">\n\t\t\t\t\t<div class=\"upk-main-img\">\n\t\t\t\t\t\t<img loading=\"lazy\" decoding=\"async\" width=\"300\" height=\"225\" src=\"https:\/\/www.granpal.com.br\/site\/wp-content\/uploads\/2026\/03\/d57caede-8ed3-4bd0-b5b7-e614dea5bd61-300x225.jpg\" class=\"upk-img\" alt=\"Granpal realiza segunda reuni\u00e3o do F\u00f3rum de Agricultura 2026.\" srcset=\"https:\/\/www.granpal.com.br\/site\/wp-content\/uploads\/2026\/03\/d57caede-8ed3-4bd0-b5b7-e614dea5bd61-300x225.jpg 300w, https:\/\/www.granpal.com.br\/site\/wp-content\/uploads\/2026\/03\/d57caede-8ed3-4bd0-b5b7-e614dea5bd61-1024x768.jpg 1024w, https:\/\/www.granpal.com.br\/site\/wp-content\/uploads\/2026\/03\/d57caede-8ed3-4bd0-b5b7-e614dea5bd61-768x576.jpg 768w, https:\/\/www.granpal.com.br\/site\/wp-content\/uploads\/2026\/03\/d57caede-8ed3-4bd0-b5b7-e614dea5bd61-1536x1152.jpg 1536w, https:\/\/www.granpal.com.br\/site\/wp-content\/uploads\/2026\/03\/d57caede-8ed3-4bd0-b5b7-e614dea5bd61.jpg 1600w\" sizes=\"(max-width: 300px) 100vw, 300px\" \/>\t\t\t\t\t\t\t\t\t\t\t\t\t\t\t\t\t<\/div>\n\t\t\t\t<\/div>\n\n\t\t\t\t<div class=\"upk-content\">\n\t\t\t\t\t<div>\n\n\t\t\t\t\t\t\t\t<div class=\"upk-category\">\n\t\t\t<a href=\"https:\/\/www.granpal.com.br\/site\/category\/forum-de-agricultura\/\">F\u00f3rum de Agricultura<\/a>\t\t<\/div>\n\t\n\t\t\t\t\t\t<h3 class=\"upk-title\"><a href=\"https:\/\/www.granpal.com.br\/site\/forum-de-agricultura\/granpal-realiza-segunda-reuniao-do-forum-de-agricultura-2026\/\" title=\"Granpal realiza segunda reuni\u00e3o do F\u00f3rum de Agricultura 2026.\" class=\"title-animation-underline\" >Granpal realiza segunda reuni\u00e3o do F\u00f3rum de Agricultura 2026.<\/a><\/h3>\t\t\t\t\t\t<div class=\"upk-text-wrap\">\n\t\t\t\t\t\t\t\t\t<div class=\"upk-text\">\n\t\t\t<p>Integrantes do F\u00f3rum de Agricultura Sustent\u00e1vel do Cons\u00f3rcio Granpal realizaram, nesta ter\u00e7a-feira, 24, a segunda reuni\u00e3o do ano. Na pauta,<\/p>\n\t\t<\/div>\n\t\t\t\t\t\t\t\t\t\t\t\t\t\t\t<\/div>\n\n\t\t\t\t\t\t\t\t\t\t\t\t\t<div class=\"upk-meta\">\n\t\t\t\t\t\t\t\t\n\t\t\t\t\t\t\t\t\t\t\t\t\t\t\t\t\t<div data-separator=\"|\">\n\t\t\t\t\t\t\t\t\t\t\t\t<div class=\"upk-date\">\n\t\t\t25 de mar\u00e7o de 2026\t\t<\/div>\n\n\t\t\t\t\t\t\t\t\t\t\t\t<\/div>\n\t\t\t\t\t\t\t\t\n\t\t\t\t\t\t\t\t\t\t\t\t\t\t\t<\/div>\n\t\t\t\t\t\t\n\t\t\t\t\t<\/div>\n\t\t\t\t<\/div>\n\n\t\t\t<\/div>\n\t\t<\/div>\n\t\n\t\t\t\t\t\t\t<\/div>\n\t\t<\/div>\n\n\t\t\t\t\t<div class=\"ep-pagination\">\n\t\t\t\t<ul class=\"upk-pagination\" data-widget-id=\"bf9618f\" >\n<li class=\"upk-active\"><a href=\"https:\/\/www.granpal.com.br\/site\/wp-json\/wp\/v2\/pages\/756\/\">1<\/a><\/li>\n<li><a href=\"https:\/\/www.granpal.com.br\/site\/wp-json\/wp\/v2\/pages\/756\/page\/2\/\">2<\/a><\/li>\n<li><a href=\"https:\/\/www.granpal.com.br\/site\/wp-json\/wp\/v2\/pages\/756\/page\/3\/\">3<\/a><\/li>\n<li class=\"upk-pagination-dot-dot\"><span>...<\/span><\/li>\n<li><a href=\"https:\/\/www.granpal.com.br\/site\/wp-json\/wp\/v2\/pages\/756\/page\/127\/\">127<\/a><\/li>\n<li class=\"upk-pagination-next\"><a href=\"https:\/\/www.granpal.com.br\/site\/wp-json\/wp\/v2\/pages\/756\/page\/2\/\"><span data-upk-pagination-next><i class=\"upk-icon-arrow-right-5\" aria-hidden=\"true\"><\/i><\/span><\/a><\/li>\n<\/ul>\n\t\t\t<\/div>\n\t\t\t\t<\/div>\n\t\t\t\t<\/div>\n\t\t\t\t<\/div>\n\t\t\t\t\t<\/div>\n\t\t\t\t<\/div>\n\t\t<div class=\"elementor-element elementor-element-2b8f09c e-flex e-con-boxed wpr-particle-no wpr-jarallax-no wpr-parallax-no wpr-sticky-section-no e-con e-parent\" data-id=\"2b8f09c\" data-element_type=\"container\">\n\t\t\t\t\t<div class=\"e-con-inner\">\n\t\t\t\t<div class=\"elementor-element elementor-element-6c82d5b elementor-widget elementor-widget-spacer\" data-id=\"6c82d5b\" data-element_type=\"widget\" data-widget_type=\"spacer.default\">\n\t\t\t\t<div class=\"elementor-widget-container\">\n\t\t\t\t\t\t\t<div class=\"elementor-spacer\">\n\t\t\t<div class=\"elementor-spacer-inner\"><\/div>\n\t\t<\/div>\n\t\t\t\t\t\t<\/div>\n\t\t\t\t<\/div>\n\t\t\t\t\t<\/div>\n\t\t\t\t<\/div>\n\t\t\t\t<\/div>\n\t\t","protected":false},"excerpt":{"rendered":"<p>Confira todos os nossos posts F\u00f3rum de Mobilidade Mobilidade Prefeitos da Granpal aguardam pela libera\u00e7\u00e3o de recursos do estado para a sa\u00fade Prefeitos da Granpal e a secret\u00e1ria de Sa\u00fade do RS, Arita Bergmann, aprovaram a\u00e7\u00f5es para refor\u00e7ar o sistema de sa\u00fade no inverno, incluindo pedido de R$ 26,1 milh\u00f5es para 405 leitos. Tamb\u00e9m trataram de reajuste do SUS, vacina\u00e7\u00e3o e novos repasses. Prefeitos alertaram para a crise financeira e a alta demanda nos munic\u00edpios. 23 de maio de 2025 F\u00f3rum de Mobilidade Regi\u00e3o Metropolitana de Porto Alegre F\u00f3rum de Mobilidade da Granpal discute inova\u00e7\u00e3o no sistema de estacionamento rotativo F\u00f3rum de Mobilidade da Granpal discute inova\u00e7\u00e3o no sistema de estacionamento rotativo A necessidade da evolu\u00e7\u00e3o tecnol\u00f3gica na cobran\u00e7a do 22 de abril de 2025 Granpal Regi\u00e3o Metropolitana de Porto Alegre Sa\u00fade Granpal apresenta sete sugest\u00f5es ao governo do Estado para encaminhar uma solu\u00e7\u00e3o para a crise na sa\u00fade Of\u00edcio foi encaminhado durante audi\u00eancia com o governador Eduardo Leite nesta quinta-feira, em Porto Alegre Os munic\u00edpios da Regi\u00e3o Metropolitana 17 de abril de 2025 F\u00f3rum de Primeiras-Damas Granpal F\u00f3rum das Primeiras-Damas da Granpal debate a relev\u00e2ncia da campanha Abril Azul O entendimento sobre os cen\u00e1rios que rondam o mundo autista e como os munic\u00edpios podem acolher e orientar as fam\u00edlias 16 de abril de 2025 Defesa Civil F\u00f3rum Defesa Civil Granpal F\u00f3rum de Defesa Civil da Granpal reelege coordenador A import\u00e2ncia de ter um sistema padronizado de meteorologia nos munic\u00edpios da Regi\u00e3o Metropolitana foi o tema central do encontro 16 de abril de 2025 F\u00f3rum de Meio Ambiente Granpal Meio Ambiente Cachoeirinha assume coordena\u00e7\u00e3o do F\u00f3rum de Meio Ambiente da Granpal A import\u00e2ncia de unir os munic\u00edpios para poder avan\u00e7ar nas demandas da quest\u00e3o ambiental foi o tema central debatido no 16 de abril de 2025 1 2 3 &#8230; 119<\/p>\n","protected":false},"author":1,"featured_media":0,"parent":0,"menu_order":0,"comment_status":"closed","ping_status":"closed","template":"","meta":{"footnotes":""},"class_list":["post-756","page","type-page","status-publish","hentry"],"_links":{"self":[{"href":"https:\/\/www.granpal.com.br\/site\/wp-json\/wp\/v2\/pages\/756","targetHints":{"allow":["GET"]}}],"collection":[{"href":"https:\/\/www.granpal.com.br\/site\/wp-json\/wp\/v2\/pages"}],"about":[{"href":"https:\/\/www.granpal.com.br\/site\/wp-json\/wp\/v2\/types\/page"}],"author":[{"embeddable":true,"href":"https:\/\/www.granpal.com.br\/site\/wp-json\/wp\/v2\/users\/1"}],"replies":[{"embeddable":true,"href":"https:\/\/www.granpal.com.br\/site\/wp-json\/wp\/v2\/comments?post=756"}],"version-history":[{"count":10,"href":"https:\/\/www.granpal.com.br\/site\/wp-json\/wp\/v2\/pages\/756\/revisions"}],"predecessor-version":[{"id":10637,"href":"https:\/\/www.granpal.com.br\/site\/wp-json\/wp\/v2\/pages\/756\/revisions\/10637"}],"wp:attachment":[{"href":"https:\/\/www.granpal.com.br\/site\/wp-json\/wp\/v2\/media?parent=756"}],"curies":[{"name":"wp","href":"https:\/\/api.w.org\/{rel}","templated":true}]}}